238)/o*(0 + 2).
17
Let w be -3*1/15 + 139/(-5). Suppose -2*u - u + 156 = 0. Let n = u + w. What are the prime factors of n?
2, 3
Suppose -55 = -5*q - 20. Suppose 162 + 102 = 24*l. Let v = l - q. What are the prime factors of v?
2
Let j(h) = h**3 + 13*h**2 - h - 14. Let f be j(-13). What are the prime factors of (((-6)/5)/((-6)/(-160)))/f?
2
Suppose 0 = 4*h + h - 30. Suppose 2*y = 4*y - h. Suppose y*r + 2*r = 15. List the prime factors of r.
3
Suppose y - p = 2908, -12*y + 2913 = -11*y + 4*p. What are the prime factors of y?
2909
Let r be 48/6 + (-1 - 3). Let h = -62 - -104. Let y = r + h. List the prime factors of y.
2, 23
Suppose g - 4*p - 37 - 39 = 0, 0 = g - 5*p - 76. Let k = g - 10. List the prime factors of k.
2, 3, 11
Let d(t) = 3*t + 11. Let c be d(-3). What are the prime factors of 695/5 + (c - 4)?
137
Suppose 0 = 6*d - d - 465. Let l = -12 + d. List the prime factors of l.
3
Let r(f) = 2*f**3 + 18*f**2 - 30. List the prime factors of r(8).
2, 29, 37
Suppose -962 = -3*o + d + 369, 3*o - 1347 = -3*d. Suppose -g = 4*f - 0*g - 591, g + o = 3*f. What are the prime factors of f?
2, 37
Suppose -1288 = -v - 190. List the prime factors of v.
2, 3, 61
Suppose -10*g + 106 = -354. Suppose o = g - 0. What are the prime factors of o?
2, 23
Suppose 0 = 5*n + 3*g - 3, g = n - g + 2. Suppose -1 = -u - n, -2*d - 4*u = -16. Suppose -2*k + 2 = -4, 3*k - d = i. What are the prime factors of i?
3
Let j = 2650 - 1153. What are the prime factors of j?
3, 499
What are the prime factors of ((-8)/(-18) - (-327)/(-27))*-105?
5, 7
Suppose -4*x + 424 = -3*x. Suppose -3*a + x = 4*g - 2*g, 3*a + 5*g = 412. List the prime factors of a.
2, 3
Let y = 57 - -48. Let r = y - 92. What are the prime factors of r?
13
What are the prime factors of (-23)/3*-27 + 8?
5, 43
Let z be 2 + -2 + -8 + 9. What are the prime factors of (-1)/(z/46)*(-98)/28?
7, 23
Let h(y) = -3*y - 3. Let q(s) = -s - 1. Let a(m) = -h(m) + 2*q(m). Suppose v = -v + 8. List the prime factors of a(v).
5
Suppose -28 = 5*o - 33, 0 = u - o - 884. List the prime factors of u.
3, 5, 59
Let h = -952 - -1515. List the prime factors of h.
563
Suppose -5*c = h - 980, 3*h - 2870 = 2*c - 3*c. List the prime factors of h.
5, 191
Suppose -f + 524 = f. Suppose -f = -4*j + 154. List the prime factors of j.
2, 13
Let f(r) = -5*r + 16. Let l be f(8). Let g = l + 116. List the prime factors of g.
2, 23
Let x be (-64)/((-4 - -2)/1). Suppose -5*q - x = 13. Let t = q - -40. What are the prime factors of t?
31
Let d(f) = -6*f + 40. What are the prime factors of d(-6)?
2, 19
Let k(z) = z**2 - 14*z - 15. Let b be k(16). Let q = b + -14. Suppose -q*t = 2*v - 14, -2*v - 52 = -7*v + t. List the prime factors of v.
2, 5
Let a = 3 - 5. Let t = 0 - a. Suppose 2*c - 17 - 34 = -l, 0 = -3*c - t*l + 78. What are the prime factors of c?
2, 3
Suppose 5*y + 3*z - 2948 = 0, -109*z + 1772 = 3*y - 104*z. List the prime factors of y.
19, 31
Let m(h) be the third derivative of h**5/60 - h**4/4 + 7*h**3/6 - 4*h**2. Let d be m(5). What are the prime factors of 2 + (30 - 2/d)?
31
Suppose 4*l - x - 12 = -4*x, 12 = 4*l - x. Suppose l*g - 335 = -2*g. List the prime factors of g.
67
Let z be (-14 - -20) + 0 + -2. Suppose 3*w = w + z*f + 140, -5*f = 0. Let x = 104 - w. List the prime factors of x.
2, 17
Suppose 0 = -5*o, 0*o = -v - 4*o + 3. Suppose 4*h = 4*c + 72, -v*h - 3*c + 62 = 2*c. List the prime factors of h.
19
Suppose 5*n + 131 = u + 3, -4*u + 3*n = -529. What are the prime factors of u?
7, 19
Suppose 77 = -5*m + 277. Suppose 2*n - 3*n = -m. List the prime factors of n.
2, 5
Suppose -95*j + 98*j - 9 = 0, 3170 = 2*t - 4*j. List the prime factors of t.
37, 43
Let o(u) = 1 + u**3 - 2*u + 0 + 3*u**2 - 2 - 2*u. List the prime factors of o(-3).
11
Let g be (1 + 5/(-25))*10/(-4). List the prime factors of ((-2)/g - 4) + 222.
3, 73
Suppose -18*t + 14*t + 12 = 0. Let b(y) = -y**2 + 8*y + 11. Let f be b(9). Suppose 66 = t*q - f*q. What are the prime factors of q?
2, 3, 11
Suppose -h - 4*v - 176 = -6*h, h - v - 35 = 0. Suppose -405 = -5*q + 5*a, -3*a = -q - h + 123. What are the prime factors of q?
2, 3, 13
Let l(h) = h**3 + 47*h**2 - 30*h - 258. List the prime factors of l(-46).
2, 1619
Let t(p) = p**2 + 7*p - 4. Let b be t(-7). Let s be b*(-4)/(1 + -5). List the prime factors of (-4)/(-2*s/(-56)).
2, 7
Let h = -4 - -11. Suppose 0 = -w + 2*q + h, 0*q + 5*q = -10. Suppose -w + 84 = 3*r. What are the prime factors of r?
3
Suppose 3 = r - 0. Suppose -r = 5*z + 57. List the prime factors of -10*2/z*3.
5
Suppose -6862 = -15*r + 3158. List the prime factors of r.
2, 167
Let o = -2041 - -4375. List the prime factors of o.
2, 3, 389
Suppose 0 = 3*x + 2*x - 15. Suppose b = -2*i - 2 - 1, -x*i = -4*b + 21. What are the prime factors of (-2 + 18/b)*4?
2
Suppose -2*i + 2*o = -0*o - 112, 3*o + 60 = i. Suppose 0 = -k - 3*q + 18, -k - 3*q = -6*k + i. List the prime factors of k.
2, 3
Suppose -6*z + n + 3055 = -z, z - 620 = 2*n. Let a = -396 + z. What are the prime factors of a?
2, 107
Let r(g) = g - 1 + 0*g**2 + 0*g**2 + g**2 + 0*g**2. What are the prime factors of r(6)?
41
Suppose -3*w = -3*o, -2*w = -0*o - 3*o + 2. Let g(j) = -2*j**2 + 12 + 2*j**2 - 10*j**o + j**3. What are the prime factors of g(10)?
2, 3
Let f(h) = -h**2 + h - 2. Let d be f(-4). Let v = -20 - d. Suppose -m = -v*m + 55. What are the prime factors of m?
5, 11
What are the prime factors of 58156/186*30/7?
2, 5, 67
Let v be (39/9 + -2)*3. Let g = v - 3. Suppose 5*q = g*q + 9. List the prime factors of q.
3
Suppose 162 = 2*r + 4*r. Let z = -5 - -21. Let v = r - z. What are the prime factors of v?
11
Let t(j) = -j**3 - j + 45. Let d be t(0). Let z = 61 - d. What are the prime factors of z?
2
Suppose -p + 2*p - 21 = w, -p - w + 17 = 0. Suppose 3145 = p*j + 789. List the prime factors of j.
2, 31
Let t(h) = h**3 - 6*h**2 - 13*h + 74. List the prime factors of t(11).
2, 67
List the prime factors of (-12448)/(-48) - 2/6.
7, 37
Let j be 5709/12 - (-12)/(-16). What are the prime factors of 12/10*j/(-5)*-1?
2, 3, 19
Let s(h) = h**2 + h - 166. What are the prime factors of s(14)?
2, 11
Let a(b) = b - 12. Let l be a(12). Suppose l*y = y - 62. List the prime factors of y.
2, 31
Let c(d) = -35*d + 2. Let b be c(-1). Suppose 3*y - 2*l + 0*l = b, -5*y = 2*l - 67. List the prime factors of y.
13
Suppose 2*t - 3*s - 2284 = 0, 3*t - 4568 = -t + 2*s. What are the prime factors of t?
2, 571
Let j be (7/14)/((-1)/114). Let r = j - -151. What are the prime factors of r?
2, 47
Suppose 4*d = -2*d - 66. Let g(h) = -3*h - 14. Let y be g(d). Let n = y - -10. What are the prime factors of n?
29
Suppose -2*l + 8 - 2 = 0. Suppose -3*a + 5*t + 55 = 0, -3*a - a - l*t + 25 = 0. Suppose -k + a = -0*k. What are the prime factors of k?
2, 5
Let v be 3*8/(-108) + 47/9. Suppose v*f - 6*f = -h - 122, -5*f + 608 = -4*h. What are the prime factors of f?
2, 3, 5
Suppose -12 = -3*w - 3*w. Let m = 5 - w. Suppose -5*z + 54 = r - 114, 28 = z + m*r. List the prime factors of z.
2, 17
Suppose 5*p = 5*b + 1203 + 1122, 16 = -4*b. Suppose -165 = 8*n - p. List the prime factors of n.
37
Let i = 36 + 18. Suppose -3*r + 40 = 2*f - i, 5*f = 25. List the prime factors of r.
2, 7
Suppose 0 = -3*o - 4*c + 380, -5*c + 63 = 2*o - 202. Let g = o - 15. List the prime factors of g.
3, 5, 7
Suppose h = -2*l - 14, -l + 17 = -2*l + 2*h. Let a(t) = 0*t + 0*t - t**2 - 10*t + 11. What are the prime factors of a(l)?
2, 5
List the prime factors of 12/(-32) - 2*22739/(-16).
2, 7, 29
Suppose -y - 3*y + 568 = 0. Let c = y + 122. List the prime factors of c.
2, 3, 11
Suppose 0 = 5*i + 3*b + 1306 - 389, 4*b + 16 = 0. Let v = 327 + i. Let x = -88 + v. What are the prime factors of x?
2, 29
Let z(o) = -o**2 - 6*o + 4. Let r be z(-6). Let l(s) = -25 + 54 + 3*s**2 - 25 + s**3 - 7*s**2. List the prime factors of l(r).
2
Let s(b) be the first derivative of b**4/12 + 2*b**3/3 - 4*b + 1. Let f(o) be the first derivative of s(o). List the prime factors of f(3).
3, 7
Let s be 3/(15/20) + 2. Suppose -s*j + 595 = j. List the prime factors of j.
5, 17
Suppose -q + 14 = 52. Let f = q + -10. Let x = f - -92. List the prime factors of x.
2, 11
Suppose r - 4*p - 475 = 151, 3*p + 2517 = 4*r. What are the prime factors of r?
2, 3, 5, 7
Let p(l) = 38*l - 70. List the prime factors of p(32).
2, 3, 